{"id":14893,"date":"2024-05-14T17:56:20","date_gmt":"2024-05-14T17:56:20","guid":{"rendered":"http:\/\/www.gor-al.com.tr\/?post_type=product&#038;p=14893"},"modified":"2024-08-04T15:56:58","modified_gmt":"2024-08-04T15:56:58","slug":"erkam-mix-lavabo-bataryasi","status":"publish","type":"product","link":"https:\/\/www.gor-al.com.tr\/?product=erkam-mix-lavabo-bataryasi","title":{"rendered":"Erkam Mix Lavabo Bataryas\u0131"},"content":{"rendered":"<p><strong><a class=\"row-title\" href=\"http:\/\/www.gor-al.com.tr\/wp-admin\/post.php?post=14878&amp;action=edit\">Erkam<\/a> Mix Lavabo Bataryas\u0131<\/strong><\/p>\n<p>\u2022 S\u0131cakl\u0131k ve debi limit\u00f6rl\u00fc Seramik Kartu\u015f<\/p>\n<p>\u2022 Otomatik kitlemeli y\u00f6nlendirici<\/p>\n<p>\u2022 Su ak\u0131\u015f\u0131n\u0131 tek noktada toplayan \u201cPerlat\u00f6r\u201d<\/p>\n","protected":false},"excerpt":{"rendered":"<p>Erkam Mix Lavabo Bataryas\u0131 \u2022 S\u0131cakl\u0131k ve debi limit\u00f6rl\u00fc Seramik Kartu\u015f \u2022 Otomatik kitlemeli y\u00f6nlendirici \u2022 Su ak\u0131\u015f\u0131n\u0131 tek noktada toplayan \u201cPerlat\u00f6r\u201d<\/p>\n","protected":false},"featured_media":14896,"template":"","meta":{"_joinchat":[]},"product_brand":[144],"product_cat":[147],"product_tag":[],"class_list":{"0":"post-14893","1":"product","2":"type-product","3":"status-publish","4":"has-post-thumbnail","6":"product_brand-goral","7":"product_cat-lavabo","10":"first","11":"instock","12":"featured","13":"shipping-taxable","14":"product-type-simple"},"_links":{"self":[{"href":"https:\/\/www.gor-al.com.tr\/index.php?rest_route=\/wp\/v2\/product\/14893","targetHints":{"allow":["GET"]}}],"collection":[{"href":"https:\/\/www.gor-al.com.tr\/index.php?rest_route=\/wp\/v2\/product"}],"about":[{"href":"https:\/\/www.gor-al.com.tr\/index.php?rest_route=\/wp\/v2\/types\/product"}],"version-history":[{"count":1,"href":"https:\/\/www.gor-al.com.tr\/index.php?rest_route=\/wp\/v2\/product\/14893\/revisions"}],"predecessor-version":[{"id":14897,"href":"https:\/\/www.gor-al.com.tr\/index.php?rest_route=\/wp\/v2\/product\/14893\/revisions\/14897"}],"wp:featuredmedia":[{"embeddable":true,"href":"https:\/\/www.gor-al.com.tr\/index.php?rest_route=\/wp\/v2\/media\/14896"}],"wp:attachment":[{"href":"https:\/\/www.gor-al.com.tr\/index.php?rest_route=%2Fwp%2Fv2%2Fmedia&parent=14893"}],"wp:term":[{"taxonomy":"product_brand","embeddable":true,"href":"https:\/\/www.gor-al.com.tr\/index.php?rest_route=%2Fwp%2Fv2%2Fproduct_brand&post=14893"},{"taxonomy":"product_cat","embeddable":true,"href":"https:\/\/www.gor-al.com.tr\/index.php?rest_route=%2Fwp%2Fv2%2Fproduct_cat&post=14893"},{"taxonomy":"product_tag","embeddable":true,"href":"https:\/\/www.gor-al.com.tr\/index.php?rest_route=%2Fwp%2Fv2%2Fproduct_tag&post=14893"}],"curies":[{"name":"wp","href":"https:\/\/api.w.org\/{rel}","templated":true}]}}